{"id":19,"date":"2024-04-18T08:20:35","date_gmt":"2024-04-18T08:20:35","guid":{"rendered":"https:\/\/eifnytolstrup.dk\/?page_id=19"},"modified":"2025-03-03T08:37:01","modified_gmt":"2025-03-03T08:37:01","slug":"tennis","status":"publish","type":"page","link":"https:\/\/eifnytolstrup.dk\/index.php\/tennis\/","title":{"rendered":"Tennis"},"content":{"rendered":"\n<figure class=\"wp-block-image alignleft size-full is-resized\"><a href=\"https:\/\/eifnytolstrup.dk\/\"><img loading=\"lazy\" decoding=\"async\" width=\"211\" height=\"68\" src=\"https:\/\/eifnytolstrup.dk\/wp-content\/uploads\/2024\/04\/EIF-logo-sort.png\" alt=\"\" class=\"wp-image-7\" style=\"width:247px;height:auto\"\/><\/a><\/figure>\n\n\n\n<div class=\"wp-block-group alignfull has-accent-background-color has-background has-global-padding is-layout-constrained wp-container-core-group-is-layout-669513ed wp-block-group-is-layout-constrained\" style=\"margin-top:0;margin-bottom:0;padding-top:var(--wp--preset--spacing--50);padding-right:var(--wp--preset--spacing--50);padding-bottom:var(--wp--preset--spacing--50);padding-left:var(--wp--preset--spacing--50)\">\n<div class=\"wp-block-columns alignwide is-layout-flex wp-container-core-columns-is-layout-1da03c2a wp-block-columns-is-layout-flex\">\n<div class=\"wp-block-column is-vertically-aligned-stretch is-layout-flow wp-block-column-is-layout-flow\" style=\"flex-basis:50%\">\n<div class=\"wp-block-group is-vertical is-content-justification-stretch is-layout-flex wp-container-core-group-is-layout-444d5ee8 wp-block-group-is-layout-flex\" style=\"min-height:100%\">\n<p class=\"has-heading-font-family has-x-large-font-size\" style=\"line-height:1.2\">Tennis er en dejlig sport, som kan dyrkes i alle aldre.<\/p>\n\n\n\n<p>Vi har en tennisbane. Som medlem af EiF har du adgang til banen, hvis du har tilmeldt dig tennis. Book en bane sammen med et andet medlem eller tag en g\u00e6st eller to med. N\u00e5r du melder dig til tennis f\u00e5r du en n\u00f8gle til banen, toilettet i Sogneg\u00e5rden og det lille klubhus.<\/p>\n\n\n\n<p>Skriv til kontakt@eifnytolstrup.dk for at komme i gang med tennis.<\/p>\n<\/div>\n<\/div>\n\n\n\n<div class=\"wp-block-column is-vertically-aligned-center is-layout-flow wp-block-column-is-layout-flow\" style=\"flex-basis:50%\">\n<figure class=\"wp-block-gallery has-nested-images columns-default is-cropped wp-block-gallery-1 is-layout-flex wp-block-gallery-is-layout-flex\">\n<figure class=\"wp-block-image size-large\"><img loading=\"lazy\" decoding=\"async\" width=\"1024\" height=\"768\" data-id=\"26\" src=\"https:\/\/eifnytolstrup.dk\/wp-content\/uploads\/2024\/04\/Tennis-1024x768.jpg\" alt=\"Tennis\" class=\"wp-image-26\" srcset=\"https:\/\/eifnytolstrup.dk\/wp-content\/uploads\/2024\/04\/Tennis-1024x768.jpg 1024w, https:\/\/eifnytolstrup.dk\/wp-content\/uploads\/2024\/04\/Tennis-300x225.jpg 300w, https:\/\/eifnytolstrup.dk\/wp-content\/uploads\/2024\/04\/Tennis-768x576.jpg 768w, https:\/\/eifnytolstrup.dk\/wp-content\/uploads\/2024\/04\/Tennis-1536x1152.jpg 1536w, https:\/\/eifnytolstrup.dk\/wp-content\/uploads\/2024\/04\/Tennis-2048x1536.jpg 2048w\" sizes=\"auto, (max-width: 1024px) 100vw, 1024px\" \/><figcaption class=\"wp-element-caption\">Der spilles double p\u00e5 en mandag.<\/figcaption><\/figure>\n<\/figure>\n<\/div>\n<\/div>\n<\/div>\n\n\n\n<div class=\"wp-block-group alignfull has-global-padding is-layout-constrained wp-container-core-group-is-layout-d89aad35 wp-block-group-is-layout-constrained\" style=\"margin-top:0;margin-bottom:0;padding-top:var(--wp--preset--spacing--50);padding-right:var(--wp--preset--spacing--50);padding-bottom:var(--wp--preset--spacing--50);padding-left:var(--wp--preset--spacing--50)\"><\/div>\n\n\n\n<div class=\"wp-block-group alignfull has-base-color has-contrast-background-color has-text-color has-background has-link-color wp-elements-a400e55fea4f670518a5f5680503f492 has-global-padding is-layout-constrained wp-container-core-group-is-layout-d89aad35 wp-block-group-is-layout-constrained\" style=\"margin-top:0;margin-bottom:0;padding-top:var(--wp--preset--spacing--50);padding-right:var(--wp--preset--spacing--50);padding-bottom:var(--wp--preset--spacing--50);padding-left:var(--wp--preset--spacing--50)\">\n<h2 class=\"wp-block-heading alignwide has-base-color has-text-color has-link-color wp-elements-961120e30645e03a629938c532f241fe\" style=\"font-size:clamp(4.509rem, 4.509rem + ((1vw - 0.2rem) * 9.152), 10rem);letter-spacing:-0.02em\">FAQ<\/h2>\n\n\n\n<div class=\"wp-block-group alignwide is-layout-flow wp-block-group-is-layout-flow\">\n<details class=\"wp-block-details is-layout-flow wp-block-details-is-layout-flow\"><summary>Hvem skal jeg kontakte for at komme til at spille tennis?<\/summary>\n<p>Du skal skrive til kontakt@eifnytolstrup.dk for at komme til at spille tennis. Hans er vores formand for tennisudvalget og han vil hj\u00e6lpe dig med det praktiske. Du er velkommen til at komme forbi og pr\u00f8ve inden du melder dig ind.<\/p>\n<\/details>\n\n\n\n<hr class=\"wp-block-separator has-text-color has-base-color has-alpha-channel-opacity has-base-background-color has-background is-style-wide\"\/>\n\n\n\n<details class=\"wp-block-details is-style-arrow-icon-details has-medium-font-size is-layout-flow wp-block-details-is-layout-flow\" style=\"border-top-style:none;border-top-width:0px;border-right-style:none;border-right-width:0px;border-bottom-color:var(--wp--preset--color--base);border-bottom-style:solid;border-bottom-width:1px;border-left-style:none;border-left-width:0px;margin-top:0\"><summary>Hvor ofte m\u00e5 jeg booke banen?<\/summary>\n<p class=\"has-contrast-1-color has-text-color has-link-color wp-elements-b285014c6cb8e50f986a9a5f9843a8ac\">Banen er \u00e5ben for spil fra solopgang til solnedgang &#8211; i praksis fra 0800 til 2200 (p\u00e5 de lange sommerdage). Banen kan bookes i 2 time intervaller, hver dag, hele ugen. Enkelte perioder er blokeret af medlemmer som \u00f8nsker en fast spilletid &#8211; det kan du ogs\u00e5 f\u00e5, hvis det er muligt.<\/p>\n<\/details>\n\n\n\n<details class=\"wp-block-details is-style-arrow-icon-details has-medium-font-size is-layout-flow wp-block-details-is-layout-flow\" style=\"border-top-style:none;border-top-width:0px;border-right-style:none;border-right-width:0px;border-bottom-color:var(--wp--preset--color--base);border-bottom-style:solid;border-bottom-width:1px;border-left-style:none;border-left-width:0px;margin-top:0\"><summary>Hvem passer banen?<\/summary>\n<p class=\"has-contrast-1-color has-text-color has-link-color wp-elements-00008fc14462d6b0717414bea87b1133\">Det g\u00f8r vi selv &#8211; s\u00e5 m\u00f8d lidt f\u00f8r du skal spille og brug tiden p\u00e5 at s\u00f8rge for at banen er spilleklar.<\/p>\n\n\n\n<p>F\u00f8r spil b\u00f8r du evt. vande banen og feje striberne &#8211; redskaber h\u00e6nger inde p\u00e5 banen.<\/p>\n\n\n\n<p>Efter spil skal du huske at feje banen og rydde op efter dig.<\/p>\n\n\n\n<p>Om efter\u00e5ret i november, holder vi en arbejdsdag, hvor vi pakker tennis ned for vinteren &#8211; det gode arbejde fejrer vi med en god frokost.<\/p>\n\n\n\n<p>Det samme gentager sig om for\u00e5ret i april, hvor vi s\u00e6tter banen op igen.<\/p>\n\n\n\n<p><\/p>\n<\/details>\n\n\n\n<details class=\"wp-block-details is-style-arrow-icon-details has-medium-font-size is-layout-flow wp-block-details-is-layout-flow\" style=\"border-top-style:none;border-top-width:0px;border-right-style:none;border-right-width:0px;border-bottom-color:var(--wp--preset--color--base);border-bottom-style:solid;border-bottom-width:1px;border-left-style:none;border-left-width:0px;margin-top:0\"><summary>Hvordan m\u00f8der jeg andre medlemmer? Jeg mangler en at spille med.<\/summary>\n<p class=\"has-contrast-1-color has-text-color has-link-color wp-elements-a83214f7a90dac513ed282f05ceaef99\">Ved det lille klubhus, som du f\u00e5r n\u00f8gle til, finder du en opslagstavle &#8211; der kan du se, hvem der spiller tennis i EiF.<\/p>\n\n\n\n<p class=\"has-contrast-1-color has-text-color has-link-color wp-elements-8ed60b32347dbbcf18ab0092c52d6003\">Du kan ogs\u00e5 se medlemslisten og kontaktmuligheder her p\u00e5 siden.<\/p>\n<\/details>\n\n\n\n<details class=\"wp-block-details is-style-arrow-icon-details has-medium-font-size is-layout-flow wp-block-details-is-layout-flow\" style=\"border-top-style:none;border-top-width:0px;border-right-style:none;border-right-width:0px;border-bottom-color:var(--wp--preset--color--base);border-bottom-style:solid;border-bottom-width:1px;border-left-style:none;border-left-width:0px;margin-top:0\"><summary>Holder I klubturneringer?<\/summary>\n<p><\/p>\n\n\n\n<p class=\"has-contrast-1-color has-text-color has-link-color wp-elements-ec757e372e9ab1f656048b0f5734c1a1\">Ikke for tiden, da medlemsantallet er for lavt, men forh\u00e5bentlig f\u00e5r vi flere spillere og s\u00e5 skal vi nok holde en klubturnering &#8211; for hvem vil ikke gerne kunne prale med at v\u00e6re klubmester.<\/p>\n\n\n\n<details class=\"wp-block-details is-layout-flow wp-block-details-is-layout-flow\"><summary><\/summary>\n<p><\/p>\n<\/details>\n<\/details>\n\n\n\n<div style=\"margin-top:var(--wp--preset--spacing--10);margin-bottom:0;height:var(--wp--preset--spacing--10)\" aria-hidden=\"true\" class=\"wp-block-spacer\"><\/div>\n<\/div>\n<\/div>\n\n\n","protected":false},"excerpt":{"rendered":"<p>Tennis er en dejlig sport, som kan dyrkes i alle aldre. Vi har en tennisbane. Som medlem af EiF har du adgang til banen, hvis du har tilmeldt dig tennis. Book en bane sammen med et andet medlem eller tag en g\u00e6st eller to med. N\u00e5r du melder dig til tennis f\u00e5r du en n\u00f8gle [&hellip;]<\/p>\n","protected":false},"author":3,"featured_media":0,"parent":0,"menu_order":0,"comment_status":"closed","ping_status":"closed","template":"","meta":{"footnotes":""},"class_list":["post-19","page","type-page","status-publish","hentry"],"_links":{"self":[{"href":"https:\/\/eifnytolstrup.dk\/index.php\/wp-json\/wp\/v2\/pages\/19","targetHints":{"allow":["GET"]}}],"collection":[{"href":"https:\/\/eifnytolstrup.dk\/index.php\/wp-json\/wp\/v2\/pages"}],"about":[{"href":"https:\/\/eifnytolstrup.dk\/index.php\/wp-json\/wp\/v2\/types\/page"}],"author":[{"embeddable":true,"href":"https:\/\/eifnytolstrup.dk\/index.php\/wp-json\/wp\/v2\/users\/3"}],"replies":[{"embeddable":true,"href":"https:\/\/eifnytolstrup.dk\/index.php\/wp-json\/wp\/v2\/comments?post=19"}],"version-history":[{"count":10,"href":"https:\/\/eifnytolstrup.dk\/index.php\/wp-json\/wp\/v2\/pages\/19\/revisions"}],"predecessor-version":[{"id":85,"href":"https:\/\/eifnytolstrup.dk\/index.php\/wp-json\/wp\/v2\/pages\/19\/revisions\/85"}],"wp:attachment":[{"href":"https:\/\/eifnytolstrup.dk\/index.php\/wp-json\/wp\/v2\/media?parent=19"}],"curies":[{"name":"wp","href":"https:\/\/api.w.org\/{rel}","templated":true}]}}