{"id":131,"date":"2025-03-04T09:38:53","date_gmt":"2025-03-04T09:38:53","guid":{"rendered":"https:\/\/eifnytolstrup.dk\/?page_id=131"},"modified":"2025-03-04T09:38:53","modified_gmt":"2025-03-04T09:38:53","slug":"petanque-2","status":"publish","type":"page","link":"https:\/\/eifnytolstrup.dk\/index.php\/petanque-2\/","title":{"rendered":"Petanque"},"content":{"rendered":"\n<p>Mandage kl. 14-16 spiller vi petanque p\u00e5 banerne. <\/p>\n\n\n\n<p>M\u00f8d op, v\u00e6r med, og aftal n\u00e6rmere om indmeldelse i foreningen.<\/p>\n\n\n\n<figure class=\"wp-block-image size-large\"><img loading=\"lazy\" decoding=\"async\" width=\"1024\" height=\"768\" src=\"https:\/\/eifnytolstrup.dk\/wp-content\/uploads\/2024\/04\/Petanque-1024x768.jpg\" alt=\"\" class=\"wp-image-24\" srcset=\"https:\/\/eifnytolstrup.dk\/wp-content\/uploads\/2024\/04\/Petanque-1024x768.jpg 1024w, https:\/\/eifnytolstrup.dk\/wp-content\/uploads\/2024\/04\/Petanque-300x225.jpg 300w, https:\/\/eifnytolstrup.dk\/wp-content\/uploads\/2024\/04\/Petanque-768x576.jpg 768w, https:\/\/eifnytolstrup.dk\/wp-content\/uploads\/2024\/04\/Petanque-1536x1152.jpg 1536w, https:\/\/eifnytolstrup.dk\/wp-content\/uploads\/2024\/04\/Petanque-2048x1536.jpg 2048w\" sizes=\"auto, (max-width: 1024px) 100vw, 1024px\" \/><\/figure>\n","protected":false},"excerpt":{"rendered":"<p>Mandage kl. 14-16 spiller vi petanque p\u00e5 banerne. M\u00f8d op, v\u00e6r med, og aftal n\u00e6rmere om indmeldelse i foreningen.<\/p>\n","protected":false},"author":3,"featured_media":0,"parent":0,"menu_order":0,"comment_status":"closed","ping_status":"closed","template":"","meta":{"footnotes":""},"class_list":["post-131","page","type-page","status-publish","hentry"],"_links":{"self":[{"href":"https:\/\/eifnytolstrup.dk\/index.php\/wp-json\/wp\/v2\/pages\/131","targetHints":{"allow":["GET"]}}],"collection":[{"href":"https:\/\/eifnytolstrup.dk\/index.php\/wp-json\/wp\/v2\/pages"}],"about":[{"href":"https:\/\/eifnytolstrup.dk\/index.php\/wp-json\/wp\/v2\/types\/page"}],"author":[{"embeddable":true,"href":"https:\/\/eifnytolstrup.dk\/index.php\/wp-json\/wp\/v2\/users\/3"}],"replies":[{"embeddable":true,"href":"https:\/\/eifnytolstrup.dk\/index.php\/wp-json\/wp\/v2\/comments?post=131"}],"version-history":[{"count":1,"href":"https:\/\/eifnytolstrup.dk\/index.php\/wp-json\/wp\/v2\/pages\/131\/revisions"}],"predecessor-version":[{"id":133,"href":"https:\/\/eifnytolstrup.dk\/index.php\/wp-json\/wp\/v2\/pages\/131\/revisions\/133"}],"wp:attachment":[{"href":"https:\/\/eifnytolstrup.dk\/index.php\/wp-json\/wp\/v2\/media?parent=131"}],"curies":[{"name":"wp","href":"https:\/\/api.w.org\/{rel}","templated":true}]}}