{"id":124,"date":"2025-03-04T09:35:38","date_gmt":"2025-03-04T09:35:38","guid":{"rendered":"https:\/\/eifnytolstrup.dk\/?page_id=124"},"modified":"2025-08-09T14:14:09","modified_gmt":"2025-08-09T14:14:09","slug":"projekt-frisk-luft-og-faellesskab-i-ny-tolstrup","status":"publish","type":"page","link":"https:\/\/eifnytolstrup.dk\/index.php\/projekt-frisk-luft-og-faellesskab-i-ny-tolstrup\/","title":{"rendered":"Projekt Frisk luft og F\u00e6llesskab i Ny Tolstrup"},"content":{"rendered":"\n<p><strong>\u00c5bningsfest<\/strong><\/p>\n\n\n\n<p>Den 13. juni 2025 l\u00f8b den officielle \u00e5bning af projekt &#8220;Frisk luft og F\u00e6llesskab i Ny Tolstrup&#8221; af stablen. L\u00e6s omtalen i <a href=\"https:\/\/www.sn.dk\/art6334522\/lejre-kommune\/navne\/aabning-af-ny-legeplads-og-have\/\">Sj\u00e6llandske Nyheder her<\/a>.<\/p>\n\n\n\n<p><\/p>\n\n\n\n<p><strong>Form\u00e5l<\/strong><\/p>\n\n\n\n<p>Ideen med projektet er at er at skabe et samlingssted for alle, hvor man kan v\u00e6re aktiv sammen, eller blot m\u00f8des p\u00e5 en b\u00e6nk med naboerne, og p\u00e5 den m\u00e5de v\u00e6re en del af hinandens liv \u2013 p\u00e5 tv\u00e6rs af aldre.<\/p>\n\n\n\n<p>Projekt omfatter et udend\u00f8rs samlingssted med b\u00e5lplads og overd\u00e6kket omr\u00e5de. Rundt om p\u00e5 pladsen vil der v\u00e6re blomster, b\u00e6rbuske, frugttr\u00e6er, insekthoteller, stenbunker og kvashegn. For dem der gerne vil v\u00e6re mere aktive; en tr\u00e6ningsplads, en motorikbane og en legeplads. En grussti rundt p\u00e5 hele omr\u00e5det g\u00f8r det muligt at g\u00e5 en tur, selvom man ikke er s\u00e5 godt g\u00e5ende, eller hvis man er i k\u00f8restol. Der vil ogs\u00e5 v\u00e6re flere b\u00e6nke rundt p\u00e5 arealet, hvor man kan tage et hvil.<\/p>\n\n\n\n<p>Legepladsen best\u00e5r af rutsjebane, sv\u00e6vebane, rede-gynge og snurre-top, og skal samle omegnens b\u00f8rn til glade stunder. Aktiviteterne sp\u00e6nder bredt aldersm\u00e6ssigt, s\u00e5 der b\u00e5de er noget for de sm\u00e5 b\u00f8rn, og for teenagerne og de barnlige sj\u00e6le.<\/p>\n\n\n\n<p><strong>Motivation<\/strong><\/p>\n\n\n\n<figure class=\"wp-block-image size-large\"><img loading=\"lazy\" decoding=\"async\" width=\"1024\" height=\"768\" src=\"https:\/\/eifnytolstrup.dk\/wp-content\/uploads\/2025\/03\/Biodiversitetsplan-Sognegaarden-1024x768.jpeg\" alt=\"\" class=\"wp-image-98\" srcset=\"https:\/\/eifnytolstrup.dk\/wp-content\/uploads\/2025\/03\/Biodiversitetsplan-Sognegaarden-1024x768.jpeg 1024w, https:\/\/eifnytolstrup.dk\/wp-content\/uploads\/2025\/03\/Biodiversitetsplan-Sognegaarden-300x225.jpeg 300w, https:\/\/eifnytolstrup.dk\/wp-content\/uploads\/2025\/03\/Biodiversitetsplan-Sognegaarden-768x576.jpeg 768w, https:\/\/eifnytolstrup.dk\/wp-content\/uploads\/2025\/03\/Biodiversitetsplan-Sognegaarden-1536x1152.jpeg 1536w, https:\/\/eifnytolstrup.dk\/wp-content\/uploads\/2025\/03\/Biodiversitetsplan-Sognegaarden-2048x1536.jpeg 2048w\" sizes=\"auto, (max-width: 1024px) 100vw, 1024px\" \/><\/figure>\n\n\n\n<p><\/p>\n\n\n\n<p>Det vigtigste er, at vi underst\u00f8tter det sociale liv i byen og omegnen, s\u00e5 lokalsamfundet udvikler sig. At foreningslivet forts\u00e6tter, og at det omr\u00e5de, der siden 1958 har huset foreningen EIF Ny Tolstrup, forbliver et attraktivt samlingssted. En fodboldbane g\u00f8r det ikke alene, og vi vil indrette uderummet, s\u00e5 det svarer til den eftersp\u00f8rgsel, der er i lokalsamfundet f.eks. udend\u00f8rs tr\u00e6ningsmuligheder og steder, b\u00f8rn kan lege. Det skal v\u00e6re et samlingssted for omegnen, hvor man kan m\u00f8des til mange forskellige aktiviteter \u00e5ret rundt, om det s\u00e5 er omkring b\u00e5let med snobr\u00f8d, til \u00e6ble-plukning, til tr\u00e6ning, p\u00e5 forhindringsbanen eller legepladsen, eller bare at nyde vejret p\u00e5 en b\u00e6nk. Et sted for spejdernes aktiviteter, b\u00e5de n\u00e5r vejret er godt og skidt. Hvor efterskolens mange elever kan udf\u00f8re deres tr\u00e6ningsfag eller p\u00e5 egen h\u00e5nd. Det vigtigste for os, for byen og for omegnen, er f\u00e6llesskabet.<\/p>\n\n\n\n<p>Projektet bidrager til:<\/p>\n\n\n\n<ul class=\"wp-block-list\">\n<li>At g\u00f8re landsbyen Ny Tolstrup til et attraktivt, levende sted at bo. En by der symboliserer socialt sammenhold p\u00e5 tv\u00e6rs af aldersgrupper med mange forskellige aktiviteter; de planlagte regelm\u00e6ssige aktiviteter, s\u00e5vel som spontane tr\u00e6f, n\u00e5r man har tid og lyst til at m\u00f8des. Ny Tolstrup har en del \u00e6ldre borgere, der har boet i byen siden deres unge \u00e5r. Over de kommende ti \u00e5r vil der ske en stor udskiftning i byen, og vi \u00f8nsker at sende et klart signal om, at vi er en landsby, hvor folk gerne vil hinanden, en landsby hvor man \u00f8nsker at l\u00e6re sine naboer at kende og tilbringe tid sammen. Et sted, hvor b\u00f8rnene har et naturligt samlingspunkt, hvor man kan v\u00e6re nogenlunde sikker p\u00e5, at der er nogen at lege med, og som er mere interessant, end at sidde hjemme foran sk\u00e6rmen eller alene med mobilen.<\/li>\n\n\n\n<li>At give mulighed for aktiviteter ude i naturen. At tr\u00e6ne udend\u00f8rs, at lege udend\u00f8rs, at holde arrangementer omkring b\u00e5let, at g\u00e5 udend\u00f8rs p\u00e5 grusstien, der forbinder hele omr\u00e5det, selvom man er gangbesv\u00e6ret. Et sted man g\u00e5r hen for at plukke frugter og b\u00e6r i takt med s\u00e6sonen. Et sted man g\u00e5r hen for at se biodiversitetens mangfoldighed, n\u00e5r sommerfugle, bier og insekter summer i de hjemmeh\u00f8rende arter af blomster, buske og tr\u00e6er. Et sted hvor fuglene bygger reder i for\u00e5ret og finder f\u00f8de i tr\u00e6erne om efter\u00e5ret. D\u00e9t sted, vi i f\u00e6llesskab har skabt for os, og for naturen. Det sted, vi i f\u00e6llesskab har planlagt, beplantet og skal passe p\u00e5 de mange \u00e5r, der kommer.<\/li>\n\n\n\n<li>At skabe forbindelse til vandrestierne i Bidstrupskovene, den kommende naturnationalpark. S\u00e5ledes at man kan tage ophold p\u00e5 omr\u00e5det, n\u00e5r man er ude at g\u00e5 eller vandre. Omr\u00e5det er offentligt tilg\u00e6ngeligt, og kan b\u00e5de n\u00e5s til fods eller p\u00e5 cykel gennem skoven eller gennem byen. Der er ogs\u00e5 parkeringsmuligheder ved pladsen. Lige ved indgangen ligger ogs\u00e5 et stoppested for busrute 215 der forbinder Hvals\u00f8 og Osted (og videre til Solr\u00f8d).<\/li>\n\n\n\n<li>Et sted der passer ind i omgivelserne \u2013 hvor der er t\u00e6nkt p\u00e5 om materialerne og udseendet passer til en landsby omgivet af skov. Det der er muligt laves i FSC-certificeret Robinie-tr\u00e6 og metal, og de dele der laves i gummi\/plastik laves i naturfarver. Jord, der skal flyttes, bruges til andre dele af projektet p\u00e5 matriklen, og der laves kvashegn, som byens borgere kan bruge til deres afklip, s\u00e5 de ikke skal k\u00f8re p\u00e5 genbrugspladsen.<\/li>\n<\/ul>\n\n\n\n<p>Det, vi \u00f8nsker, er:<\/p>\n\n\n\n<ul class=\"wp-block-list\">\n<li>Et sted, der forener byen og omegnens forskellige beboere; vi har b\u00e5de husejere, huslejere, efterskoleelever, spejdere, samt Avnstrup Asylcenter lige nede af vejen. Det skal v\u00e6re et sted for os alle .<\/li>\n\n\n\n<li>Et sted, hvor man kan tage hen som familie, hvor der er noget for alle. Et sted hvor b\u00f8rn i alle aldre kan blive udfordret p\u00e5 en stor legeplads. Et sted hvor for\u00e6ldrene enten kan lege med, f\u00e5 tr\u00e6net, eller v\u00e6re sammen med de andre for\u00e6ldre, mens der bliver lavet mad over b\u00e5let.<\/li>\n\n\n\n<li>Et sted, der bliver s\u00e5 dejligt at v\u00e6re, at folk kommer fra andre steder i omr\u00e5det, for at opleve legepladsen eller plukke \u00e6bler i frugtlunden. Et sted der kan inspirere, s\u00e5 andre f\u00f8ler, at de ogs\u00e5 kan udvikle s\u00e5dan et omr\u00e5de i deres landsby \u2013 og m\u00f8de en forening, der gerne vil dele inspiration og erfaring til at f\u00e5 det til at ske.<\/li>\n<\/ul>\n\n\n\n<p><strong>Beskrivelse af de forskellige elementer i det samlede projekt<\/strong><\/p>\n\n\n\n<p>Overd\u00e6kket omr\u00e5de til sociale friluftsaktiviteter samt b\u00e5lplads: En overd\u00e6kning, hvor man kan lave aktiviteter, n\u00e5r vejret udfordrer. Der skal v\u00e6re plads til at sidde og ligge, og der vil foran overd\u00e6kningen v\u00e6re b\u00e5lplads.<\/p>\n\n\n\n<p>Der skal plantes hjemmeh\u00f8rende blomster, b\u00e6rbuske og frugttr\u00e6er langs stien, samt laves insekthoteller, stenbunker og kvashegn til sommerfugle, bier og andre insekter. Kvashegn skal v\u00e6re en oplagt mulighed for borgere til at komme af med deres afklip, s\u00e5 det ikke skal k\u00f8res afsted p\u00e5 trailere til genbrugspladsen. Frugt og b\u00e6r skal v\u00e6re for alle, der har lyst til at nyde noget fra frugtlunden.<\/p>\n\n\n\n<p>Udend\u00f8rs tr\u00e6ningsanl\u00e6g i robinietr\u00e6 og st\u00e5l: anl\u00e6gges laves med fokus p\u00e5 \u00f8velser prim\u00e6rt med egen kropsv\u00e6gt. Der vil v\u00e6re sm\u00e5 skilte der viser de forskellige \u00f8velser man kan udf\u00f8re, s\u00e5 man kan g\u00f8re det alene eller i f\u00e6llesskab. Der etableres gummibel\u00e6gning af genanvendt materiale, hvor man ogs\u00e5 kan lave andre aktiviteter.<\/p>\n\n\n\n<p>Motorikbane i robinietr\u00e6 med faldgrus underlag: en udfordring for b\u00f8rn og unge i alle aldre. Den rige vifte af balancerings-, svajende-, klatre- og kravleaktiviteter er gode til balancetr\u00e6ning. F\u00f8lelsen af balance er n\u00f8dvendig for at styre mange livskundskaber, der er n\u00f8dvendige for l\u00e6ring, f.eks. at koncentrere sig og endda v\u00e6re i stand til at sidde stille. Gentagne ture p\u00e5 motorikbanen tr\u00e6ner vigtige sociale og f\u00f8lelsesm\u00e6ssige f\u00e6rdigheder som f.eks. k\u00f8kultur, hensyntagen til andre og samarbejde. Mangfoldigheden af aktiviteter g\u00f8r motorikbanen egnet til tr\u00e6ning af grundl\u00e6ggende fysiske, sociale og f\u00f8lelsesm\u00e6ssige evner.<\/p>\n\n\n\n<figure class=\"wp-block-image size-large\"><img loading=\"lazy\" decoding=\"async\" width=\"1024\" height=\"576\" src=\"https:\/\/eifnytolstrup.dk\/wp-content\/uploads\/2024\/04\/Aktivitetsplads-Ny-Tolstrup-1024x576.jpg\" alt=\"\" class=\"wp-image-154\" srcset=\"https:\/\/eifnytolstrup.dk\/wp-content\/uploads\/2024\/04\/Aktivitetsplads-Ny-Tolstrup-1024x576.jpg 1024w, https:\/\/eifnytolstrup.dk\/wp-content\/uploads\/2024\/04\/Aktivitetsplads-Ny-Tolstrup-300x169.jpg 300w, https:\/\/eifnytolstrup.dk\/wp-content\/uploads\/2024\/04\/Aktivitetsplads-Ny-Tolstrup-768x432.jpg 768w, https:\/\/eifnytolstrup.dk\/wp-content\/uploads\/2024\/04\/Aktivitetsplads-Ny-Tolstrup.jpg 1247w\" sizes=\"auto, (max-width: 1024px) 100vw, 1024px\" \/><\/figure>\n\n\n\n<p>Legeplads med rutsjebane, sv\u00e6vebane, rede-gynge og snurretop rettet fortrinsvist mod b\u00f8rn.<\/p>\n\n\n\n<p>L\u00f8be- og g\u00e5-sti omkring aktivitetsomr\u00e5det: Stien forbinder hele omr\u00e5dets samt ind til eksisterende stier i skoven, og etableres i stampet stabilgrus og stenmel. Dette underlag er godt til at l\u00f8be p\u00e5 til opvarmning til tr\u00e6ning eller til at l\u00f8be om kap og bliver ca. 400 meter langt. Stien er ogs\u00e5 egnet for gangbesv\u00e6rede eller k\u00f8restolsbrugere \u2013 dertil b\u00e6nkene langs med stien, hvis man har brug for et hvil, eller de kan bruges til at lave fysiske tr\u00e6nings\u00f8velser som boxjumps, step-ups, samt h\u00e6vede push-ups.<\/p>\n\n\n\n<p><strong>Lokal forankring<\/strong><\/p>\n\n\n\n<p>I processen med at bringe projektet til livs har foreningen arrangeret et borgerm\u00f8de i for\u00e5ret 2023 for egnens beboere, med information om ideerne omkring projektet. Til dette m\u00f8de inviterede foreningen ogs\u00e5 de lokale til at komme med feedback, om det m\u00e5tte v\u00e6re b\u00e5de ideer eller bekymringer. Det har altid v\u00e6ret vigtigt for foreningen, at forankre projektet solidt i lokalsamfundet. Det ledte derfor ogs\u00e5 til en efterf\u00f8lgende workshop, der blev afholdt i efter\u00e5ret 2023. Der blev f\u00f8rst informeret om videreudviklingen af projektideen p\u00e5 baggrund af borgerm\u00f8det, og der blev derefter inviteret til g\u00e5tur p\u00e5 omr\u00e5det med god dialog om placering af faciliteterne, der kom godt konstruktivt input. Der blev ogs\u00e5 afholdt to workshops; \u00e9n omkring biodiversitetsdelen, samt \u00e9n om tr\u00e6ningsaktiviteter.<\/p>\n\n\n\n<ul class=\"wp-block-list\">\n<li>Udend\u00f8rs tr\u00e6ning; hvilken slags tr\u00e6ning kan man kan lave med det nye anl\u00e6g, hvordan vi skal tilrettel\u00e6gge holdtr\u00e6ninger, hvem der har interesse, osv.<\/li>\n\n\n\n<li>Biodiversitet; hvilke frugttr\u00e6er, b\u00e6rbuske, og andre planter skal vi inkludere i projektet. En gruppe af interesserede satte sig sammen for at diskutere og komme med et opl\u00e6g.<\/li>\n<\/ul>\n\n\n\n<p>Midtsj\u00e6llands Efterskole bist\u00e5r med at b\u00e6nke, b\u00e5lplads, samt donation af marksten til anl\u00e6ggelsen af b\u00e5lpladsen samt til stenbunker til insekter og bier.<\/p>\n\n\n\n<p>Spejderne FDF Ny Tolstrup vil bygge insekthoteller, og de har v\u00e6ret s\u00e5 ivrige, at der allerede nu st\u00e5r et lille insekthotel p\u00e5 pladsen. Frivillige i byen vil hj\u00e6lpe i forhold til biodiversitetsdelen af projektet, hvor der skal plantes tr\u00e6er, buske og planter, og de skal plejes n\u00f8je i den f\u00f8rste del af perioden efter anl\u00e6ggelsen. Der skal \u00e5rligt ogs\u00e5 besk\u00e6res og passes. Det der besk\u00e6res skal blive p\u00e5 omr\u00e5det og l\u00e6gges som kvashegn.<\/p>\n\n\n\n<p><strong>B\u00e6redygtighed<\/strong><strong><\/strong><\/p>\n\n\n\n<p>Det er vigtigt, at vi ikke kun t\u00e6nker p\u00e5 os mennesker, n\u00e5r der skabes nye projekter, men at vi ogs\u00e5 bringer biodiversiteten i fokus. Der skal plantes hjemmeh\u00f8rende blomster til gavn for sommerfugle, insekter og fluer. Der skal plantes b\u00e6rbuske frugttr\u00e6er til gavn for b\u00e5de mennesker og fugle. Vi bygger ogs\u00e5 insekthoteller, og laver stenbunker og kvashegn. Sten er gode skjulesteder for blandt andet vilde bier, sommerfugle og krybdyr, og hvis stenene st\u00e5r i sol, er de ogs\u00e5 gode varmesteder for dyrene.<\/p>\n\n\n\n<figure class=\"wp-block-image size-large\"><img loading=\"lazy\" decoding=\"async\" width=\"1024\" height=\"576\" src=\"https:\/\/eifnytolstrup.dk\/wp-content\/uploads\/2024\/04\/Biodiversitetssti-Ny-Tolstrup-1024x576.jpg\" alt=\"\" class=\"wp-image-155\" srcset=\"https:\/\/eifnytolstrup.dk\/wp-content\/uploads\/2024\/04\/Biodiversitetssti-Ny-Tolstrup-1024x576.jpg 1024w, https:\/\/eifnytolstrup.dk\/wp-content\/uploads\/2024\/04\/Biodiversitetssti-Ny-Tolstrup-300x169.jpg 300w, https:\/\/eifnytolstrup.dk\/wp-content\/uploads\/2024\/04\/Biodiversitetssti-Ny-Tolstrup-768x432.jpg 768w, https:\/\/eifnytolstrup.dk\/wp-content\/uploads\/2024\/04\/Biodiversitetssti-Ny-Tolstrup.jpg 1280w\" sizes=\"auto, (max-width: 1024px) 100vw, 1024px\" \/><\/figure>\n\n\n\n<p>Vi \u00f8nsker at det nye anl\u00e6g passer godt ind i vores omgivelser, og har derfor valgt at alt skal laves i robinietr\u00e6 da det holder l\u00e6nge. Andre dele laves i rustfrit st\u00e5l eller genanvendt materiale som Ecocore HDPE.<\/p>\n\n\n\n<p>Jord, der flyttes i forbindelse med anl\u00e6gning af faciliteter, forbliver p\u00e5 matriklen og anvendes p\u00e5 en anden del af omr\u00e5det.<\/p>\n\n\n\n<p><strong>Kommunikation om projektet<\/strong><\/p>\n\n\n\n<p>Ved indgangen til pladsen opf\u00f8res et skilt med information om de parter, der er med til at finansiere projektet.<\/p>\n\n\n\n<p>Vi har en aktiv facebookside b\u00e5de for foreningen EIF Ny Tolstrup samt den lokale gruppe Ny Tolstrup og Omegn, samt dele information om faciliteter og aktiviteter i Osted, Lejre og Hvals\u00f8.<\/p>\n\n\n\n<p>Der skal afholdes et \u00e5bningssarrangement hvor alle fra omegnen inviteres til at komme og deltage, selvf\u00f8lgelig ogs\u00e5 akt\u00f8rer der har finansieret samt alle leverand\u00f8rer.<\/p>\n\n\n\n<p>Foreningen EIF Ny Tolstrup vil afholde \u00e5rlige aktivitetsdage, hvor vi laver f\u00e6lles aktiviteter p\u00e5 omr\u00e5det. Ligeledes vil vi lave kom-og-pr\u00f8v-arrangementer i forhold til tr\u00e6ningsdelen, s\u00e5 alle kan komme og f\u00e5 inspiration til hvordan man kan tr\u00e6ne ved tr\u00e6ningsanl\u00e6gget. Vi er i god dialog med Lejre Kommunes idr\u00e6ts- og foreningskonsulent om hvordan vi skaber aktiviteter der favner bredt og inddrager mange borgere.<\/p>\n\n\n\n<p><strong>Vi siger tusind tak for st\u00f8tten til<\/strong><\/p>\n\n\n\n<figure class=\"wp-block-image size-full\"><img loading=\"lazy\" decoding=\"async\" width=\"771\" height=\"981\" src=\"https:\/\/eifnytolstrup.dk\/wp-content\/uploads\/2025\/08\/EIF_aktivitetsplads_sponsorer.jpg\" alt=\"\" class=\"wp-image-206\" srcset=\"https:\/\/eifnytolstrup.dk\/wp-content\/uploads\/2025\/08\/EIF_aktivitetsplads_sponsorer.jpg 771w, https:\/\/eifnytolstrup.dk\/wp-content\/uploads\/2025\/08\/EIF_aktivitetsplads_sponsorer-236x300.jpg 236w, https:\/\/eifnytolstrup.dk\/wp-content\/uploads\/2025\/08\/EIF_aktivitetsplads_sponsorer-768x977.jpg 768w\" sizes=\"auto, (max-width: 771px) 100vw, 771px\" \/><\/figure>\n\n\n\n<p><\/p>\n","protected":false},"excerpt":{"rendered":"<p>\u00c5bningsfest Den 13. juni 2025 l\u00f8b den officielle \u00e5bning af projekt &#8220;Frisk luft og F\u00e6llesskab i Ny Tolstrup&#8221; af stablen. L\u00e6s omtalen i Sj\u00e6llandske Nyheder her. Form\u00e5l Ideen med projektet er at er at skabe et samlingssted for alle, hvor man kan v\u00e6re aktiv sammen, eller blot m\u00f8des p\u00e5 en b\u00e6nk med naboerne, og p\u00e5 [&hellip;]<\/p>\n","protected":false},"author":3,"featured_media":0,"parent":0,"menu_order":0,"comment_status":"closed","ping_status":"closed","template":"","meta":{"footnotes":""},"class_list":["post-124","page","type-page","status-publish","hentry"],"_links":{"self":[{"href":"https:\/\/eifnytolstrup.dk\/index.php\/wp-json\/wp\/v2\/pages\/124","targetHints":{"allow":["GET"]}}],"collection":[{"href":"https:\/\/eifnytolstrup.dk\/index.php\/wp-json\/wp\/v2\/pages"}],"about":[{"href":"https:\/\/eifnytolstrup.dk\/index.php\/wp-json\/wp\/v2\/types\/page"}],"author":[{"embeddable":true,"href":"https:\/\/eifnytolstrup.dk\/index.php\/wp-json\/wp\/v2\/users\/3"}],"replies":[{"embeddable":true,"href":"https:\/\/eifnytolstrup.dk\/index.php\/wp-json\/wp\/v2\/comments?post=124"}],"version-history":[{"count":9,"href":"https:\/\/eifnytolstrup.dk\/index.php\/wp-json\/wp\/v2\/pages\/124\/revisions"}],"predecessor-version":[{"id":207,"href":"https:\/\/eifnytolstrup.dk\/index.php\/wp-json\/wp\/v2\/pages\/124\/revisions\/207"}],"wp:attachment":[{"href":"https:\/\/eifnytolstrup.dk\/index.php\/wp-json\/wp\/v2\/media?parent=124"}],"curies":[{"name":"wp","href":"https:\/\/api.w.org\/{rel}","templated":true}]}}